ate 4 - 8 - 3 - (2 - 4).
-5
1 + (14 - 16 - (0 + 1))
-2
Calculate (6 + -2 - (11 - 4)) + -4.
-7
What is -5 - (-4 + (-4 - -8))?
-5
What is (-3 - -5) + -6 - 0?
-4
What is 241 + -247 + -4 + 0?
-10
-5 - (2 + -4) - (-41 - -37)
1
Calculate -2 - (-3 + 7 + -4).
-2
Evaluate -6 - (-6 - -2) - 2 - -4.
0
Evaluate (-1 - -2) + -2 - 3.
-4
Evaluate 1 - (10 - 3 - 5).
-1
0 + (9 - 6 - -3)
6
What is the value of -4 - (0 + 0 - (7 - 0))?
3
-2 - (-3 + -2) - 8
-5
-8 + 14 - (2 - 1)
5
Evaluate -7 - (-5 + 3 + -5).
0
What is the value of 1 + 1 + 0 - (40 - 36)?
-2
What is the value of 9 - (-1 + (13 - 4))?
1
What is 11 - 15 - (0 - 2)?
-2
0 + -4 + 1 - -5
2
-11 - -3 - -12 - (3 + 1)
0
Calculate 5 + -9 + 3 + -2.
-3
What is (1 - 10) + 18 + 1 + -17?
-7
-1 + -6 - (6 + 4 - 26)
9
Evaluate -5 + 6 - (5 - 3).
-1
What is the value of 10 + -20 + 11 - 10?
-9
What is the value of 2 - (1 + -4 - -1)?
4
Evaluate 1 + (14 + -6 - 15).
-6
Evaluate -1 + 0 + 0 + 2.
1
What is the value of 8 + (0 - 9) + 5?
4
Evaluate 11 + 2 + -10 - 4.
-1
Evaluate (-5 - -7 - 7) + 4.
-1
Calculate -1 - (1 - (9 - 13) - -3).
-9
51 + -36 - ((-2 - 0) + 11)
6
Evaluate -1 + 0 - (6 + -7) - 5.
-5
Evaluate 10 - 15 - (0 + -1).
-4
What is the value of -1 + (2 - 3) + 6?
4
(2 + 2 - 12) + (3 - 0)
-5
What is the value of (-1 - (-13 - -4) - 7) + -10?
-9
Calculate (12 - 18 - (-9 - -4)) + 7.
6
What is (-1 + 2 - (-28 + 33)) + -5?
-9
(4 - 9 - -6) + -2 + -1
-2
Evaluate 6 - 2 - (-1 + 4) - 1.
0
What is -2 + (11 - 6) + 0?
3
4 + -7 + 7 + 0 + 5
9
Evaluate 85 - 94 - (1 + -8).
-2
What is (1 - 3) + 0 - 3?
-5
What is 3 - (5 + -1 + -28 + 23)?
4
What is 13 + -10 + -3 + -4 + 0?
-4
Evaluate -4 - -3 - (12 + (-7 - -4)).
-10
What is the value of -2 - (-8 + 4) - -3?
5
What is the value of -2 + -4 + 0 - -7?
1
What is the value of 11 + -13 - (-6 - -1)?
3
Evaluate -1 + 4 + 2 - (0 + 0).
5
What is the value of -3 + 0 + (2 + -2 - -1)?
-2
What is (6 - (-2 + 5)) + (0 - 3)?
0
Calculate -1 - (-10 - -9) - -3.
3
-5 + (-7 - (-3 - 0) - 0)
-9
What is -9 - ((-1 + -2 - -6) + -3)?
-9
Evaluate -3 + 2 + -4 + 8 + 1.
4
-6 - (-4 + 1 + (-4 - -7))
-6
What is 0 - ((3 - 5) + 2 + 5)?
-5
What is (9 - 9) + -3 - (0 - 4)?
1
What is 3 + (-3 - (0 - -3))?
-3
What is the value of 3 + (1 - 2) + 32 + -36?
-2
What is the value of 29 + -25 - ((8 - 0) + -1)?
-3
What is 3 - (12 - 9 - (-1 + -8))?
-9
What is -7 + 4 + -3 - 3?
-9
What is -2 - (2 - (1 - -4)) - 4?
-3
Evaluate (-2 - (-12 + 2)) + -2.
6
Evaluate (0 - 4) + -5 + 1.
-8
What is the value of 8 + (2 - 1 - (-12 - -16))?
5
What is the value of 15 + -12 + (-1 - 3) + 6?
5
Evaluate -4 + -1 + (7 - (-5 + 6)).
1
Calculate -4 - (4 + 2 + -9) - 5.
-6
What is the value of -1 + (-2 - 0) + -6 + 7?
-2
Evaluate 2 - (1 + 4 + 0 - 5).
2
What is -2 + (1 - 3 - -4 - 5)?
-5
-3 + (3 - (-5 + 7 - 7))
5
Evaluate -22 - -27 - (4 + -1).
2
-2 - 1 - -1 - 0
-2
What is the value of (-15 - (-17 - 1)) + 0 + -3?
0
Calculate 4 + (-12 - (6 + 1 + -15)).
0
-4 - 10 - (2 + -10)
-6
Calculate -4 + 1 + (7 - (1 - 2)).
5
What is the value of (4 - (3 - -5)) + 4?
0
What is the value of 6 + -12 + (6 - 2) + 1?
-1
Calculate 3 + (-3 + -2 - 6) + 6.
-2
What is the value of -10 + (11 - (-6 - 0))?
7
What is 2 - (-8 + -4 + 17)?
-3
Evaluate 9 - (-1 + 2) - (-41 + 41).
8
What is the value of 2 + -3 + -8 + 9?
0
What is the value of -4 + (0 - (0 + -5))?
1
What is the value of 9 + 1 - (29 - 23)?
4
Calculate (-2 - 4) + (4 - 2).
-4
What is -1 + (0 - (-4 - -2))?
1
Calculate -3 + (1 - -6) - (1 + 0).
3
Evaluate (-11 - -7) + 3 + 1 - -4.
4
What is 5 + 3 + -2 + 0 + -1?
5
Calculate 4 + -3 + 4 + -2 + -2.
1
What is 2 - -1 - (-7 + 3)?
7
Evaluate -22 + 23 + 2 + -3.
0
8 + (-21 - -9) - (1 + -8)
3
Calculate 5 + (-1 - (-2 + 7 + -6)).
5
What is (0 + -2 - -7) + -12 + 1?
-6
Calculate 1 - (0 + 1 + -3).
3
What is 1 - (4 + -2 + 0)?
-1
Evaluate 1 + (-15 - -12) + (1 - -9).
8
Calculate 9 + -7 + 6 + -12.
-4
What is -3 + -1 + -5 + 11?
2
(-2 - 1) + (-17 - -17) + 3
0
What is 0 + 2 + 2 - 6?
-2
-1 + (0 + -12 - -4)
-9
What is the value of 4 + (1 - (9 - 8))?
4
Calculate -5 + 1 + 9 - 1.
4
Evaluate 7 - (-9 - (0 - 15)).
1
What is 4 + -6 + -4 + 5?
-1
What is the value of 2 + (-2 - (-2 + 2)) + 5?
5
-3 + 1 + -2 + 0 + 2
-2
Evaluate 14 - 0 - (-215 + 219).
10
What is the value of -2 - (-1 + 2 + 1)?
-4
What is -4 - 6 - (-14 - -9)?
-5
Evaluate -2 + 5 + -6 - -10.
7
(-5 - -10) + -2 - 7
-4
Calculate 3 - -1 - (-5 + 4).
5
Evaluate -4 + (-4 + 2 - -5) + 0.
-1
What is 1 - 1 - (4 + -5 + -4)?
5
Evaluate 1 - (-10 - -8) - 3.
0
Calculate (-3 + -2 - (4 - 8)) + -3.
-4
Evaluate -12 + (-3 - (-18 - -9)).
-6
What is the value of -1 - (1 - 1) - (-174 + 173)?
0
What is the value of 3 - (-1 + (-3 + 4 - -1))?
2
Evaluate 1 - (-6 + -1 - (1 - 7)).
2
Calculate -4 + -11 + 6 + 10 - -3.
4
-1 - (2 + 3 + -6 + -1)
1
What is -3 + (-4 - -1) - -2?
-4
What is (-3 + 0 - -2) + -4?
-5
Calculate 14 + (-6 - 14) + 12.
6
Calculate -2 + -2 + 7 + 5.
8
Evaluate 14 - ((-4 - -25) + -4).
-3
Evaluate 0 - ((0 - -3) + -9).
6
-4 - (-5 - (-3 + 0 - -1))
-1
What is the value of 2 - (6 - (2 - (2 + 1)))?
-5
-1 - (-1 - (10 - 8))
2
Evaluate (2 - -2) + 4 + -9.
-1
Evaluate -1 + (4 - -2) + 0.
5
-9 + 12 + -4 + -2 + -2
-5
Calculate 4 + -2 + -10 + 5 + 6.
3
Evaluate -2 - (0 - (0 - -3 - 1)).
0
8 - (4 - (-4 + 8) - -4)
4
Evaluate -1 + 5 - 2 - (0 + 5).
-3
-2 - (-9 + (-8 - -10))
5
What is the value of (-3 - (3 - 4)) + -2 - -4?
0
0 + 1 + (7 - -6) + -19
-5
What is the value of 0 + -5 - -5 - 1?
-1
Evaluate -27 + 13 + 1 - -3.
-10
What is the value of 2 + (-2 + 5 - 5) + 5?
5
What is -4 + (-5 - (-3 - 2))?
-4
What is the value of -13 + 11 + -1 + 6 - -1?
4
1 + 0 - (36 - 35)
0
What is 2 - (4 - (-4 - (-5 - -2)))?
-3
Evaluate 1 - (4 - 11 - -4).
4
1 + (4 - -4) + -6
3
5 - 6 - (-4 - -3 - 1)
1
Evaluate (6 - (0 + -1)) + (134 - 132).
9
What is -4 + (2 - 1) - (4 - 6)?
-1
6 - 0 - 12 - -8 - 6
-4
1 + -2 - (-15 + 18)
-4
What is the value of 2 - (-4 - -1 - (-12 + 11))?
4
Calculate -2 + 5 - 0 - -6.
9
Calculate -2 - (-2 - (7 + -4)).
3
-1 - -2 - (18 + -17)
0
What is 3 + 5 + 6 + -9?
5
(9 - 1) + 6 + -10
4
What is the value of -5 - (-13 + (6 - 8)) - 6?
4
Evaluate (1 - 5) + (-12 - -18).
2
What is the value of -43 - -47 - (8 - (1 + -1))?
-4
3 + -4 + 2 + -6
-5
Evaluate (-88 - -85) + (11 - 1).
7
Calculate -2 + (-7 - (-8 - -1)).
-2
Calculate -1 + 7 + -7 - (-4 - 3).
6
Evaluate -2 - ((4 - (-4 + 0)) + -3).
-7
-1 + -2 - 2 - (-29 + 26)
-2
Calculate (-1 - -2) + 4 + -8 + 0.
-3
What is 0 + -9 + 6 + 9?
6
What is 8 + -4 + -1 + 3 + -5?
1
Calculate -7 + (-2 - (1 + -1)) + 6.
-3
What is the value of (-1 - (-3 - 0)) + -8 + 3?
-3
(68 - 77) + 9 + -1
-1
-1 - (-5 - (-1 - -3)) - 2
4
Calculate 7 - (12 + -7) - 4.
-2
Evaluate -3 - (-12 + 11 + -6).
4
What is the value of (1 - 7) + (-2 - -1) + 4?
-3
Evaluate -19 + 29 + (-3 - (1 - -1)).
5
Evaluate -3 - (-8 + (10 - 4)).
-1
What is the value of -6 + -2 + (-1 - -3) - -10?
4
What is the value of 3 + (-3 - 1) + 4?
3
Calculate (2 + -2 - 9) + (30 - 24).
-3
What is the value of 0 - 5 - (-5 + -5)?
5
1 + 4 + (-2 + -6 - -2)
-1
Calculate 3 + 2 + 0 - 1.
4
-4 + 10 + -5 - -2
3
(2 + -11 - -14) + -6
-1
(2 - (6 + -10)) + -14
-8
Calculate 4 + -2 + 6 + (-2 - 3).
3
Evaluate 1 - (3 + -3 - 2).
3
Calculate 0 + 1 - (-1 - (4 + -7)).
-1
Calculate 0 - -1 - 0 - (40 - 40).
1
Calculate (-2 - -6) + 77 + -84.
-3
Calculate 4 - 1 - (10 + -24 + 11).
6
5 + -17 + 8 + 4 - -10
10
What is the value of 2 + 0 + -5 + 9?
6
What is -7 + (-1 - -6 - -2)?
0
11 + -12 - (-1 - -5)
-5
What is -6 - -9 - (2 - -2)?
-1
What is the value of (-10 - (2 - 10)) + 6?
4
-4 - (-6 - 0 - -2)
0
-2 - (-6 - -2 - -7)
-5
Calculate -2 + (-1 - 2) + 12 + -8.
-1
Evaluate (43 - 49) + -1 + 13.
6
Evaluate -1 + (2 - -2) + (-5 - -3).
1
Calculate -5 - (-2 + 0 - (30 + -25)).
2
What is -2 + (-20 - -32) + -1 + -1?
8
Calculate 4 + -1 + -3 + 7 + 1.
8
What is the value of 23 + -21 - (-1 + -6) - 6?
3
1 + (-1 - 4) + -1
-5
What is -1 + 5 + 1 + -5?
0
Evaluate 4 - (-3 - (1 + -4)).
4
What is the value of (-79 - -81) + 1 + -5 + 0?
-2
What is the value of 14 + -6 - 5 - 11?
-8
Evaluate (-5 + 8 - (-1 + 4)) + -4.
-4
What is the value of -1 - (6 + -3 + -7)?
3
Evaluate -4 + -2 + (3 - -2).
-1
Calculate (-2 - (13 + -5)) + 10.
0
-26 + 9 - -6 - -9
-2
Evaluate -16 + 16 - (-5 + 1).
4
What is -1 - (9 + (-1 - 6))?
-3
Evaluate -2 - -3 - 0 - (-1 - 0).
2
What is the value of (-7 - -16) + 4 + -22?
-9
(80 - 73) + -13 + 1
-5
What is 3 + (1 - (4